he remainder when 18 is divided by c + w/(28/(-8)).
3
Let d = 734 + -648. Calculate the remainder when d is divided by 85.
1
Let c(l) = 17*l - 359. What is the remainder when c(30) is divided by 80?
71
What is the remainder when 72 is divided by (1/(-3))/(452/(-150) - -3)?
22
What is the remainder when ((-650)/(-4) - -4) + 4/(-8) is divided by 62?
42
Suppose 5*q - 5 = 0, 30 = -4*v + 2*q - 4. Let y = v + 17. Suppose -4*k + 2*k = -52. Calculate the remainder when k is divided by y.
8
Suppose 1479 = 6*f + 1281. Calculate the remainder when f is divided by 17.
16
Suppose -18*u + 12*u = 54. Let r = 27 + u. What is the remainder when 33 is divided by r?
15
Let l = 76 + -52. Calculate the remainder when 131 is divided by l.
11
Suppose 5*z + 3*j - 15 = 2*j, -5 = j. Suppose -3*r - z + 127 = 0. Calculate the remainder when r is divided by 21.
20
Let t be (-4)/1 - (2 - 14). Let k be t + 10/(-15)*6. Suppose 101 = k*j - 5*w, -2*j = 3*w + w - 18. What is the remainder when 93 is divided by j?
17
Let r = 699 + -670. What is the remainder when 74 is divided by r?
16
Let m(h) = 6*h + 32 + 0*h - 38 + 3*h. Suppose 5*i = -p - 5, 4 = 2*p - 4*i - 14. Calculate the remainder when m(p) is divided by 14.
11
What is the remainder when 112 is divided by ((-288)/168)/(2/(-28)*1)?
16
Let c(v) = 2*v**2 - 31*v - 98. Calculate the remainder when 736 is divided by c(20).
80
Let g(k) = k**2 - 21*k + 293. Calculate the remainder when g(10) is divided by 31.
28
Let y(x) = 5*x**2 - 15*x + 11. What is the remainder when y(4) is divided by 22?
9
Suppose -2*h + 7 = -3. Let i = 429 - 417. Let t = i + h. Calculate the remainder when 33 is divided by t.
16
Let r be (-9 + 3)/(3/(-8)). Let w = 9 + r. What is the remainder when 49 is divided by w?
24
Suppose 0 = 31*o - 34*o + 105. What is the remainder when o is divided by 13?
9
Let p(n) = -52*n - 772. Let z = -30 - -59. What is the remainder when p(-17) is divided by z?
25
Let y = -304 - -312. Suppose 0 = 3*a - 2*a - 31. Calculate the remainder when a is divided by y.
7
Let c = 330 - 300. Calculate the remainder when c is divided by 16.
14
Let s(q) = -4*q - 1. Let r = -76 - -76. Suppose r = 2*w - 16. Calculate the remainder when s(-8) is divided by w.
7
Let c(o) = -o**2 - 14*o - 16. Let m be c(-12). Suppose m*w = 12*w - 68. What is the remainder when 83 is divided by w?
15
Let n = -16 + 9. Let f(x) = 3*x**2 + x + 14. Let d(c) = c**2 + c + 1. Let v(r) = 4*d(r) - f(r). Calculate the remainder when v(n) is divided by 5.
3
Let w = 132 + -124. What is the remainder when 190 is divided by w?
6
Let b = -39 + 44. Suppose -37 - 129 = -2*v - 4*l, -2*v + b*l + 148 = 0. Calculate the remainder when v is divided by 27.
25
Suppose -25 = -f - 5*y + 5, 0 = 4*y - 12. Let o be 6/15 + (-111)/f. Let b = o - -10. What is the remainder when 9 is divided by b?
0
Let w = -13 + 22. Let l = -16 + 10. What is the remainder when -6*l/w*7 is divided by 10?
8
Suppose 0 = 4*y + 4*g + 60, 2*y + g = 2*g - 18. Let a(z) = -3*z - 16. What is the remainder when 33 is divided by a(y)?
16
Suppose -38*t = 35*t - 4964. What is the remainder when 313 is divided by t?
41
Let r(m) = -m**3 - 41*m**2 - 51*m - 193. What is the remainder when r(-40) is divided by 81?
4
Let o(y) = 128*y - 22. Calculate the remainder when o(12) is divided by 101.
100
Let t(g) = g**3 - 13*g**2 + 31*g + 32. Calculate the remainder when 173 is divided by t(10).
5
Let l be 12/(-3) + (2 - (0 - -2)). Let u(p) = -9*p**2 - 2*p - 1. Let m be u(-1). Let a = l - m. Calculate the remainder when 8 is divided by a.
0
Let d(y) = -2*y + 164. Let q be d(36). Suppose 2*v = -0*v. Suppose z = -3*s + 16, v = -0*z + 4*z - 2*s - q. Calculate the remainder when 86 is divided by z.
20
Let y = 60 + -64. What is the remainder when 5 is divided by ((-2)/(-3))/((-3)/90*y)?
0
Let x = -35 + 39. Calculate the remainder when 70 is divided by (x + 0)*6/1.
22
Let g be 1/(9/147)*6. Suppose -m - g = -5*m - h, -2*h = -3*m + 68. Suppose 0 = 10*s - 14*s + 184. Calculate the remainder when s is divided by m.
22
Let z(l) = 2*l**2 - 10*l - 110. What is the remainder when z(-35) is divided by 117?
116
Let x = -70 - -98. Let s = -30 - -35. Suppose -8*h - 8 = -4*h, -5*q + 30 = s*h. Calculate the remainder when x is divided by q.
4
Let k(j) = j**3 + 5*j**2 + 12 - 14 + j - 2*j. Let r be k(-5). Suppose -71 + 2 = -r*q. What is the remainder when q is divided by 5?
3
Suppose -2*v - 96 = -2*w, -w - 18 - 36 = v. Let n be (-46)/11 - 18/(-99). Let q = n - v. What is the remainder when q is divided by 10?
7
Let l = 92 + -58. Calculate the remainder when l is divided by 14.
6
Suppose 0*w + 88 = -4*w. Let s = w - -37. Calculate the remainder when s is divided by 4.
3
Suppose 0 = -316*g + 312*g + 20. What is the remainder when 9 is divided by g?
4
Let s(z) = z**3 + 4*z**2 + 3*z + 2. Let o be s(-4). Let l = 35 + o. Calculate the remainder when 49 is divided by l.
24
What is the remainder when 45 is divided by ((-6)/(-24))/((-6)/(-480))?
5
Let m be -6 + 4 - -1*5. Suppose 0 = 2*f + m*v - v - 40, v = 2. What is the remainder when (-551)/(-8) - 6/(-48) is divided by f?
15
Calculate the remainder when (-56)/(-7) - 0 - -87 is divided by 31.
2
Suppose -h + 10 = 5*y, -22*h + 23 = -17*h - 2*y. Let o(l) = -l**2 + 5*l + 1. Calculate the remainder when o(3) is divided by h.
2
Suppose -273 = -8*n + 207. What is the remainder when n is divided by 16?
12
Suppose 3*h = 4*v - 474, -40*v + 2*h - 364 = -43*v. What is the remainder when v is divided by 62?
58
Let b = 146 + -141. Suppose 5*a - 27 + 2 = 0, 40 = v - b*a. Calculate the remainder when v is divided by 11.
10
Let m(h) = -27*h - 60. Calculate the remainder when m(-4) is divided by 10.
8
Let r be -3*236/(-48) - (-4)/16. Calculate the remainder when 93 is divided by ((-3)/(-2))/(r/190).
17
Let j = -625 - -640. What is the remainder when 92 is divided by j?
2
Let s = -704 + 747. What is the remainder when 229 is divided by s?
14
Let f(j) = 9*j - 31. Calculate the remainder when 21 is divided by f(4).
1
Let o(b) be the second derivative of -b**3/3 + 3*b**2 + 7*b. What is the remainder when 34 is divided by o(-3)?
10
Suppose -3*d + 2*f + 479 = 0, 3*f + 1140 = 5*d + 342. What is the remainder when d is divided by 21?
12
Let j be (-44)/(-66) - (0 + 268/6). Let i = j + 63. What is the remainder when 53 is divided by i?
15
Let s = -16 + 23. Let f(a) = a**2 + 8*a + 20. Let d be f(-6). Suppose v = -4*y + d, -3*v + y = 3 - 40. Calculate the remainder when v is divided by s.
5
Let p = -18 - -22. Suppose 0 = -p*s + 36 - 8. Calculate the remainder when 27 is divided by s.
6
Let w = -2 - 26. Let n = w - -28. Suppose -2*f + n*f = -38. Calculate the remainder when f is divided by 11.
8
Let z(j) = j**3 + 9*j**2 + 5*j - 9. Let n(o) = o**2 - o - 29. Let t be n(0). Let b = t - -21. What is the remainder when 41 is divided by z(b)?
11
Let a(q) = 2*q**2 + 10*q + 16. Suppose -2*v + 5*f + 1 = 0, -4*v + 3*f + 9 = -0*f. Calculate the remainder when a(-5) is divided by v.
1
Suppose 26*x - 25*x = -5*y + 7379, 0 = 2*y - 2*x - 2942. Calculate the remainder when y is divided by 87.
83
Let g = 29 - 21. Suppose a = 155 - 35. Suppose -4*h - a = -2*p - 10, 5*h = -20. Calculate the remainder when p is divided by g.
7
Suppose -11*l - 5 + 104 = 0. Suppose -6*v + l*v - 60 = 0. Calculate the remainder when 48 is divided by v.
8
Let h be (-1204)/(-32) - (-12)/32. Suppose 8*r - 122 = h. Calculate the remainder when r is divided by 13.
7
Let i(x) = x**3 - 3*x**2 - 3*x. Let f be i(4). Let y = -32 - -57. Calculate the remainder when y is divided by 39/6 - (-2)/f.
4
Let a(z) = -z**3 - 4*z**2 - 17*z - 96. Let f = -3 + 8. Calculate the remainder when a(-5) is divided by f.
4
Suppose 0*g - 5*g = 2*n - 78, 3*g - 3*n - 30 = 0. Calculate the remainder when 0 + 88/6 - (-4)/(-6) is divided by g.
0
Let n = 132 + -122. Suppose 0 = 5*c - n*c - 3*w + 67, 2*c = 5*w + 2. What is the remainder when 38 is divided by c?
5
Let z be (1/(-3))/((-15)/135). Suppose 3*v + 0*h = -z*h + 135, 27 = v - 5*h. What is the remainder when v is divided by (-3 + 4)/(1/15)?
12
Suppose 33*x - 343 = 185. What is the remainder when 84 is divided by x?
4
Suppose t = 5*n + 7 - 39, 0 = -n + 1. Let z = 53 + t. Let u = z - 21. What is the remainder when 7 is divided by u?
2
Suppose -85 = -34*m + 85. Calcula